ided by 25?
24
Let p = -26 + 41. Calculate the remainder when p is divided by 8.
7
Let m = 1 - -1. Let t = -14 - -20. Calculate the remainder when (102/(-9))/(m/(-3)) is divided by t.
5
Let s = 3 + -2. Let y(q) = -8*q + 3. What is the remainder when y(-4) is divided by s/(-3) + 330/18?
17
Suppose 3*v + 95 = 4*v. What is the remainder when v is divided by 32?
31
Let k be ((-72)/3)/(-3)*1. Let p(o) = 2 + 4*o - 3*o - 4. What is the remainder when p(k) is divided by 4?
2
Let x(t) = 28*t - 2. What is the remainder when x(2) is divided by 19?
16
Calculate the remainder when 41 is divided by 3*8/84 + 141/21.
6
Let v = 5 + 17. What is the remainder when v is divided by 13?
9
Let j(w) = w**3 - 5*w**2 - 5*w - 4. Let v = -16 - -17. What is the remainder when j(6) is divided by v?
0
Calculate the remainder when -3 + (-21)/(-1) - 3 is divided by 10.
5
Calculate the remainder when 46 is divided by 16 - (3 - 0) - (0 - -1).
10
Suppose -c = -5*q - 89, 4*c + 3*q = 7*q + 276. Suppose 3*h - c = -7. What is the remainder when 37 is divided by h?
18
Suppose 6*b = 72 + 42. Suppose 5*u - 18 = 2. Calculate the remainder when b is divided by u.
3
Let b = 2 + 6. Suppose 38 = 2*c - 3*s + b, s = 4*c - 60. Suppose -2*a + c + 1 = 0. What is the remainder when a is divided by 3?
2
Suppose -u + 30 = -4*w - 35, 3*w + 145 = 2*u. What is the remainder when u is divided by 27?
23
Let y be 6/9*(-1 - 2). Let b(v) = -2*v**3 - 3*v**2 + 2. Calculate the remainder when 17 is divided by b(y).
5
Let o(j) = -j - 45*j**2 + 0*j + 46*j**2 - 9. What is the remainder when o(8) is divided by 12?
11
Suppose -2*i - 3 = 3. Let n = 8 + i. Let j = 40 - 27. What is the remainder when j is divided by n?
3
Let r(l) = l**3 - 4*l**2 + 2*l. Let i be r(4). What is the remainder when 7 is divided by (-3 - (-21)/6)*i?
3
Let d be ((-18)/15)/(6/20). Let r be d/(-12) - (-14)/3. Suppose 4*p = p + r*k + 34, -2*k = -4*p + 50. Calculate the remainder when p is divided by 5.
3
Suppose 0*q - q = -7. Calculate the remainder when 4/14 - 393/(-21) is divided by q.
5
Suppose -3*z = -6*z + 30. Calculate the remainder when 19 is divided by z.
9
Suppose -i + 2*i = 3. Suppose 5*b + 8 = 4*c, -5*c + 3*b = -i - 7. Let y = 1 + c. Calculate the remainder when 4 is divided by y.
1
Let q(i) = 3*i**2 + 3*i + 2. Let a be q(-2). What is the remainder when (a + -12)*5*-1 is divided by 8?
4
Let w = -62 + 36. Let x = w + 43. What is the remainder when x is divided by 6?
5
Let p(u) = u**3 - 5*u**2 - 2*u + 10. What is the remainder when p(7) is divided by 24?
22
Let s(v) = 26*v - 1. Let n be s(1). Suppose 0 = -h - 3, -2*p = -4*h - 16. Calculate the remainder when 23 is divided by n/2 + p/(-4).
11
Suppose -71 = -5*o - 2*q, -4*o = -0*q + 5*q - 50. Calculate the remainder when 87 is divided by o.
12
Let n be (0 - (2 + -28))*1. Let q(y) = y + 4. Let d be q(0). Suppose 0 = 4*i - h - 121, n = d*i + 5*h - 89. Calculate the remainder when i is divided by 16.
14
Let f(n) = n**3 + 5*n**2 + 2*n - 1. Let c(p) = p**3 + 9. Let g be c(0). Suppose 0 = -u + g + 3. What is the remainder when u is divided by f(-4)?
5
Let j = -5 - -9. Let z be 2/j - (-21)/6. Suppose -z*f = 8*s - 3*s - 107, -3*s = -f + 31. What is the remainder when f is divided by 10?
8
Let v(x) = 59*x + 1. Let d be v(-2). Let c = -29 - -58. What is the remainder when c is divided by 2/8 + d/(-12)?
9
Let g(a) = a**2 - a + 18. Suppose 53 = 3*r - 2*r - b, 3*r - 160 = 4*b. Calculate the remainder when r is divided by g(0).
16
Let b(i) = -i**2 + 13*i - 28. Let l = 13 + 6. Calculate the remainder when l is divided by b(9).
3
Suppose -12 = -5*s + s. Suppose 2*n - 82 = -2*y, -y + s*n - 80 = -3*y. What is the remainder when y is divided by 15?
13
Let u = 40 - 3. Calculate the remainder when 146 is divided by u.
35
Suppose 4*s - 168 = -5*r, 0 = -4*s + 7*r - 3*r + 132. Calculate the remainder when s is divided by 8.
5
Let v(q) = -q**3 - 3*q**2 + 5. Let o be v(-3). Suppose 0 = 3*f - 2*i - 67, -4*f + 115 = f - o*i. Calculate the remainder when f is divided by 8.
5
Suppose 0 = 5*v + 3*x - 73, 3*x - 84 = -4*v - 25. Calculate the remainder when 81 is divided by v.
11
Suppose -14 = -3*s + 2*i, -i = 6 - 2. Let y(t) = 3*t**3 - 2*t**2 + 2*t + 1. Calculate the remainder when y(s) is divided by 12.
9
Suppose 2*v = -4, p - 5*v + 8*v = 20. Calculate the remainder when 129 is divided by p.
25
Let v(s) = s**2 - 8. Suppose -40 = 5*z - 10. Calculate the remainder when v(z) is divided by 10.
8
Let g(t) = -t + 2. Suppose 5*r = -10, 0*n - 4*r = n + 5. Suppose -2*f - 15 = -n*f. What is the remainder when f is divided by g(-2)?
3
Suppose 0 = 8*v - 9*v + 7. What is the remainder when 25 is divided by v?
4
Let y = 12 + -8. Suppose -y*n - 1 = -9. Calculate the remainder when 2 is divided by n.
0
Let h(i) = -i**2 + 3*i + 4. Let r be h(4). What is the remainder when 4 is divided by (3 - -3)/2 + r?
1
Suppose 5*b - 118 = -593. Let g = b + 159. What is the remainder when g is divided by 132/(-9)*3/(-2)?
20
Suppose -4*v + 232 = -4*k, -2*v = 5*k - 89 + 8. What is the remainder when v is divided by 27?
26
Let u(n) = n**2 + n + 2. Calculate the remainder when 4 is divided by u(0).
0
Suppose 2 = 3*o - 1. What is the remainder when 5 is divided by o?
0
What is the remainder when (-6)/(-33) + 130/11 is divided by 8?
4
Suppose -164 = -4*b - 4*i, 4*i - 33 = -b + 14. Calculate the remainder when b is divided by 14.
11
Let m(g) = 2*g**2 - 3*g + 6. What is the remainder when 1/((-1)/(-60)) + -1 is divided by m(3)?
14
Let l(o) = -2*o + 3. What is the remainder when l(-10) is divided by 12?
11
Let x = 128 + -121. Let u(i) be the third derivative of -i**4/6 - 2*i**3/3 + i**2. What is the remainder when u(-6) is divided by x?
6
Suppose 0 = -o + 18 - 10. Calculate the remainder when o is divided by 5.
3
Suppose -4*m - 31 = -63. Calculate the remainder when 36 is divided by m.
4
Let g = 48 + -91. Let c = 62 + g. Suppose 0 = -3*l + 2*l + 56. Calculate the remainder when l is divided by c.
18
Suppose 8*q - 4*q + 5*o = 73, -q = 4*o - 32. Suppose -84 = -4*t - 4*k, t + 3*k - 17 = -0*t. What is the remainder when t is divided by q?
11
Suppose -4*h + 3 = -i + 43, 0 = -5*h - 15. What is the remainder when 137 is divided by i?
25
Suppose -3*p = -68 - 37. Calculate the remainder when p is divided by 12.
11
Suppose -20 = -3*c + 43. Let o = -26 - -34. What is the remainder when c is divided by o?
5
Let h = -17 + 19. Suppose -h*u + 9 - 5 = 0. Calculate the remainder when 4 is divided by u.
0
Suppose -2*b = 3*m - 131, -336 = -3*b - 2*b + m. Calculate the remainder when b is divided by 17.
16
Let d(s) = -3*s - 26. Let x(c) = c**3 - 4*c**2 - 9*c + 1. What is the remainder when x(6) is divided by d(-11)?
5
Let l = -52 - -104. Let u = l - 37. What is the remainder when 29 is divided by u?
14
Suppose 2*n - n = 1. Let v(w) = -w**3 - 5*w**2 + 4*w + 3. What is the remainder when (1 + 1 + 27)/n is divided by v(-6)?
14
Calculate the remainder when (126/2)/(-2 - -3) is divided by 22.
19
Let u(d) = -2*d**3 + 15*d**2 - 4*d + 6. What is the remainder when 51 is divided by u(7)?
24
Suppose -2*c = 2*c - 88. Calculate the remainder when 64 is divided by c.
20
Let h be ((-8)/10 - -2)*10. Let r = 13 + -7. Calculate the remainder when 17*r*4/h is divided by 12.
10
Suppose -t + 12 = -0*t. Calculate the remainder when -2*(4 - (-54)/(-2)) is divided by t.
10
Suppose -4*r - 5*m + 175 = -0*m, 2*r + m = 83. Suppose -36 - 34 = -5*z. Calculate the remainder when r is divided by z.
12
Let m = 32 - 8. Suppose 5*u + 56 = 3*u. Calculate the remainder when m is divided by u/(-3) - 4/12.
6
Let l = -1 + 12. Calculate the remainder when 54 is divided by l.
10
Let q = -10 - -19. Calculate the remainder when q is divided by 3.
0
Let k be 86/7 - (-18)/(-63). Suppose -3 + k = 3*y. Calculate the remainder when 0/(-3) + 1*7 is divided by y.
1
Let q be (-19)/2 - (-3)/(-6). Let k = q + 18. What is the remainder when 23 is divided by k?
7
Let j(t) = -4*t - 7. Let d be (-2)/(-5) + 123/5. Suppose -3*o + 0*c + 80 = 2*c, c = o - d. What is the remainder when o is divided by j(-4)?
8
Let t(p) = 21*p - 3. What is the remainder when t(2) is divided by 10?
9
Let a = 11 - 4. Suppose 0*l + a*l - 455 = 0. What is the remainder when l is divided by 34?
31
Let a be (-9)/(-2)*(-2)/(-3). Suppose -a*s = -28 + 1. What 